(8). Suppose -2*w - q*w = s - 11, 19 = 4*s - 5*w. What is the units digit of s?
6
Suppose 3*x - 12 = 4*x. Let z be ((-27)/(-4))/((-1)/4). Let y = x - z. What is the units digit of y?
5
Suppose 7*z = 4*z + 114. Suppose -2*a - 4*g = -2*g - 18, -2*g = 5*a - 30. Suppose -2*x + a + z = 0. What is the units digit of x?
1
Suppose 7 - 3 = k. Let o be (42/12)/((-2)/k). Let n = 9 + o. What is the units digit of n?
2
Suppose 0 = -3*b + 7*b. Suppose b = 5*m - 112 + 22. Suppose 0 = -o - o + m. What is the units digit of o?
9
Let j be 18/(-4)*4/(-6). Suppose b = 12 + 12. What is the tens digit of 6/((-6)/j) + b?
2
Let a(m) = m**2 - 5*m - 7. Let p be a(6). Let z be (3*1)/(1/p). What is the units digit of (-2)/z*27/2?
9
Let c be (-1)/(3 - 46/15). Let u(m) = -m**3 + 6*m**2 + m - 1. Let t be u(6). Suppose -39 = -2*n - t*l, l = n + 2*l - c. What is the units digit of n?
2
Let m(w) = w**2 - 3*w + 11. What is the tens digit of m(9)?
6
Suppose 40 = -0*b + 4*b. Suppose 0 = -5*d - 13 - 2. What is the units digit of b/6 + 2/d?
1
Suppose 115 = 13*f - 8*f. Suppose 4*b - 173 = f. What is the units digit of b?
9
Let p(x) = x**2 - 2*x**2 - 3*x**2 - 3*x + 10*x**2. Let c be p(3). Let l = c + -22. What is the units digit of l?
3
Let i(w) = -w**2 - 12*w - 9. Let z be i(-10). Suppose t - 3*t = a - z, -a = -t + 4. What is the units digit of a?
1
Let w(f) = f**3 + 2*f**2 - f. Let x be w(1). What is the tens digit of x + 31 + 0 - 3?
3
Let f be 3/6*(0 + 0). Let n(b) = b**3 - b**2 + 12. Let x be n(f). What is the units digit of (-1 + x/(-3))/(-1)?
5
Let h(f) = f - 7. Let i be h(5). Let o = i + 3. What is the units digit of o?
1
Let t(j) = 2*j + 9. Let b be t(-10). Let g = 11 - b. What is the tens digit of g?
2
What is the tens digit of (-1220)/(-36) + 2/18?
3
Let a = -11 + 15. What is the units digit of 4/a*14*1?
4
Let j(d) = -19*d + 12. What is the hundreds digit of j(-6)?
1
Suppose 5*y - 3*u + 46 = 154, 0 = -5*y + 2*u + 112. What is the tens digit of y?
2
Suppose 2*m - 63 = -5*s - m, -29 = -2*s - 5*m. What is the tens digit of s?
1
Let s(a) = -5*a + 3. Let m be s(-11). Let o = m - 33. What is the tens digit of o?
2
What is the tens digit of -2 + (-10)/(-2) - (0 - 96)?
9
Let t = -14 - -17. Suppose 7*m - 5*w = 3*m + 17, -7 = -2*m + t*w. What is the units digit of m?
8
Let a be (-5)/(-2)*(-16)/(-10). Let d be ((-8)/(-14))/(a/14). Suppose d + 6 = 2*b, 2 = -2*h + b. What is the units digit of h?
1
Let a(f) = -f**3 + 9*f**2 + 13. Let s be a(9). Suppose -v - 12 = 4*p, -4*p - s = -v - 3*p. What is the units digit of v?
8
Let v(x) = x**2 - 15*x + 10. Let g = -3 + 20. What is the tens digit of v(g)?
4
Suppose -4*o + 7*o - 18 = 0. Suppose -4*p = 5*u - 105, 5*u = 19 + o. What is the tens digit of p?
2
Suppose 2*p - 3*m = 5*p + 12, -p + m = -2. What is the units digit of 1/(0 + p/(-1))?
1
Let f(q) = -q**2 + 6*q - 1. Let s be f(5). Suppose 5*l - 4 = -4*n + 115, s*n - 11 = -l. Suppose -l = -3*m + 27. What is the tens digit of m?
1
Let l = -63 - -95. What is the tens digit of l?
3
Suppose 3*f + 31 = h, -f + 0*f + 189 = 4*h. What is the units digit of h?
6
Let p(m) = m**2 - 10*m + 30. What is the tens digit of p(13)?
6
Suppose -3*h = 2 + 4. Let v be h/8 - 1044/(-16). What is the units digit of v/6 + (-3)/(-18)?
1
Suppose 7*o - 172 = 3*o. What is the tens digit of o?
4
Let d = 4 - 4. Let a = d + 1. Suppose -j + 3*s - a = s, s = j - 2. What is the units digit of j?
5
Suppose -12 = 4*l - 2*y, 4*l - y = -2*y - 18. Let i(z) = -10*z - 7. Let q(p) = 5*p + 4. Let a(u) = l*i(u) - 7*q(u). What is the units digit of a(1)?
5
Suppose 22 = -2*l - 5*w - 37, 4*l - 2*w + 82 = 0. Let g(f) = f**3 - 13*f**2 - 16*f + 18. Let x be g(14). Let y = x - l. What is the tens digit of y?
1
Let j(r) = 14*r**3 - 2*r**3 + 4 - 3 - 2*r + 2*r**2 + 0. What is the tens digit of j(1)?
1
Let w = -67 + 37. Let d = w + 57. What is the tens digit of d?
2
Suppose 0 = 105*r - 109*r + 556. What is the units digit of r?
9
Let o(v) = v + v - 1 + v - v. Let m be o(1). What is the units digit of -3 - (1 + -7 + m)?
2
Suppose -7*x + 4 = -5*x. Let l = -2 - -1. Let g = l + x. What is the units digit of g?
1
Let g = 84 + -40. What is the tens digit of g?
4
Let x = 6 + -4. Suppose -x*m + 14 = 3*d - 0*d, -m = 2*d - 10. What is the units digit of d?
6
Suppose -y = -4 - 3. Suppose -11 = -3*d + y. What is the units digit of 18/4*4/d?
3
Let t(f) = f**3 + 7*f**2 - 10*f - 10. Let z be t(-8). Suppose 2 - z = -o. Suppose 2*i - 3*p - 21 = -o, 0 = 4*p + 12. What is the units digit of i?
4
Let w = -5 + 7. Let g be w/(5/((-15)/(-2))). Suppose 2*a - c - 12 = 0, c + 16 = 4*a + g*c. What is the units digit of a?
5
What is the tens digit of 1/((-2)/29)*-2?
2
Let a(t) = -t**2 - 7*t - 3. Let m(v) = -v - 13. Let d be m(-7). What is the units digit of a(d)?
3
Let w be (-6)/24 - 194/(-8). Suppose 0 = -2*p - u + w, 2*p = 3*u + 3 + 5. What is the units digit of p?
0
Let d(y) = 17*y**3 - 2*y**2 + 4*y - 9. What is the units digit of d(3)?
4
Let p = 13 + -17. What is the tens digit of 222/12 + (-6)/p?
2
Suppose -t - 18 = -5*y + y, -4 = 2*t. Suppose 2*s - 5*j = 72, -y*s - j + 95 + 49 = 0. What is the units digit of s?
6
What is the tens digit of (-782)/(-4) - 2*(-1)/4?
9
Suppose 3*t = 3*y - 22 - 59, 0 = 5*t + 5*y + 105. Let h = -6 - t. What is the tens digit of h?
1
Let m(d) = d - 7. Let u be m(7). Suppose i - 7 = 2*g - u, -4*i = 4*g - 16. What is the units digit of i?
5
What is the tens digit of ((-192)/(-9))/(-4)*-6?
3
Let p = -2 - 20. Let b = p - -42. Suppose 0 = 5*v - 0*v - b. What is the units digit of v?
4
Let k(t) = t**2 - 2*t - 2. Let h be k(5). Suppose -5*s + 8 + h = v, s = -3*v + 7. What is the units digit of s?
4
Let n(v) = -46*v**3 - 2*v**2 - 2*v - 1. Let d be n(-1). Suppose 2 + 110 = 4*k. Let h = d - k. What is the tens digit of h?
1
Let g(j) = -j**3 + 6*j**2 - 4*j - 5. Let o be g(5). Let t be (-2 + (-21)/(-9))*o. Suppose -6*d + 4*d + 18 = t. What is the units digit of d?
9
Suppose 2*k = -4*s - 0*k + 8, -5*s + 4 = k. Suppose -3*h + h = s. Let x = 2 + h. What is the units digit of x?
2
Let u be ((-4)/(-3))/(4/6). Let p(n) = -3 - 1 - n**2 + 2*n**u - 5*n - 4. What is the units digit of p(7)?
6
Let i = 15 - 6. Suppose 8*x = 3*x + 20. Suppose 1 = -x*r + i. What is the units digit of r?
2
What is the units digit of (-20)/(-3)*18/4?
0
Let b be (-2)/10 + (-222)/15. Let u = -10 - b. What is the units digit of u?
5
Let m = 8 - 6. Suppose -w + m*s = w - 8, -2*w + 5*s = -11. Suppose 4*d - w - 13 = 0. What is the units digit of d?
4
Suppose m + 0*m = 4. Suppose 0 = k - 0*k + 1, -4*l = -m*k - 64. What is the units digit of l?
5
Let v(g) = g**3 - 8*g**2 + 2*g - 3. Let r be 4/(-14) + 638/77. What is the units digit of v(r)?
3
Suppose 12 = -4*a, -6*m - 2*a + 44 = -m. Let p(q) = q**3 - 10*q**2 - q + 14. Let w be p(m). What is the tens digit of ((-2)/(-1))/(w/26)?
1
Let m be 8*((-3)/2 - -2). Suppose -8 - 32 = -5*r. Suppose 0 = 3*w - 2*w + 3*j, -4*w - m*j = -r. What is the units digit of w?
3
Let w = -87 - -143. What is the tens digit of w?
5
Suppose 99 = 2*p + p - 3*f, 0 = f + 3. What is the tens digit of p?
3
Suppose -4*y = -2*y - 14. Suppose -2*t + 4 = 2*t + 4*v, 2*t + 3*v = 0. Let u = y - t. What is the units digit of u?
4
Suppose -o - 1 = -2*j, -3*o + o + 2*j = -2. Let w(y) = 2*y**3 - 3*y**2 - y + 4. What is the tens digit of w(o)?
2
Suppose 4*t - 10 = 2. Suppose 2*m = -t*m + 15. What is the units digit of m?
3
What is the tens digit of 3 + 58/(-6)*-3?
3
Let k(g) be the second derivative of g**4/4 - g**3/2 + 2*g**2 - 4*g. What is the tens digit of k(3)?
2
Let z = -2 + 5. Let t = z + -4. What is the units digit of 5*(-2 - t)/(-1)?
5
Let w(n) = -n**3 + n**2 + 2*n + 5. What is the tens digit of w(-4)?
7
Let y = 17 + -59. Let x = -13 - y. What is the units digit of x?
9
Let t = -67 - -126. What is the tens digit of t?
5
Let a(b) = b**3 + 6*b**2 - 5*b - 2. Let c(w) = -7*w**2 + 2*w - 1. Let u be c(1). What is the tens digit of a(u)?
2
Let a(h) = 3*h**2 + 1. Let j(d) = -d. Let o be j(-1). What is the units digit of a(o)?
4
Let v = -4 - -1. What is the units digit of (-3)/(v*1) - -4?
5
What is the tens digit of 1173/30 - 2/20?
3
What is the hundreds digit of ((-1545)/(-10) - 7)*(-2)/(-1)?
2
Let g = 3 - 0. Suppose 2*u - g*b - 6 = 0, 2*b = 4*u - 1 - 11. What is the units digit of u/(5 